{"id":13,"date":"2018-02-25T19:42:05","date_gmt":"2018-02-25T18:42:05","guid":{"rendered":"http:\/\/www.bodaik.com\/dev\/?page_id=13"},"modified":"2026-01-19T15:40:13","modified_gmt":"2026-01-19T14:40:13","slug":"kristofferssonklubben","status":"publish","type":"page","link":"https:\/\/www.bodaik.com\/sida\/kristofferssonklubben\/","title":{"rendered":"Kristofferssonklubben"},"content":{"rendered":"<p style=\"text-align: center;\"><strong style=\"font-size: 1rem;\">Vi som \u00e4r medlemmar i klubben har alla f\u00e5tt Kristoffersons hederspris.<\/strong><\/p>\n<p style=\"text-align: center;\">Arthur Kristofferson var Kronj\u00e4gare i B\u00f6da Kronopark p\u00e5 60 och 70-talet.<br \/>Han var en stor B\u00f6da IK v\u00e4n och instiftade ett pris, som skulle g\u00e5 till n\u00e5gon som<br \/>gjort en stor g\u00e4rning i f\u00f6reningen, idrottsligt, kamratligt, genom styrelsearbete<br \/>eller annat ideellt arbete.<\/p>\n<p style=\"text-align: center;\">Den f\u00f6rsta som fick priset var fotbollsspelaren Holger Karlsson \u00e5r 1971.<br \/>D\u00e4refter har 48 personer f\u00e5tt denna utm\u00e4rkelse<br \/>som r\u00e4knas till det finaste man kan f\u00e5 i f\u00f6reningen B\u00f6da IK.<br \/>N\u00e4r Hans-G\u00f6ran Gustavsson fick priset 1994, bj\u00f6d han in alla,<br \/>som tidigare f\u00e5tt priset, f\u00f6r en tr\u00e4ff i B\u00f6da IK:s klubblokal.<br \/>N\u00e4stan alla kom till denna tr\u00e4ff, d\u00e4r det pratades om gamla tider \u00f6ver en bit mat.<br \/>N\u00e4r fr\u00e5gan kom upp om en \u00e5rlig tr\u00e4ff, sa alla \u201dja\u201d.<br \/>Klubben bildades och man tr\u00e4ffas sedan dess f\u00f6r<br \/>gemytlig samvaro en g\u00e5ng per \u00e5r.<\/p>\n<p style=\"text-align: center;\">Hans-G\u00f6ran Gustafsson har hela tiden varit klubbens ordf\u00f6rande.<br \/>H\u00e4lften av dem som f\u00e5tt priset \u00e4r fotbollspelare, d\u00e4rtill kommer Vasalopps\u00e5kare,<br \/>n\u00e5gra som tagit Sverigeklassikern och andra idrottsliga prestationer, tr\u00e4nare,<br \/>och flera som utf\u00f6rt hederv\u00e4rt arbete inom styrelse och sektioner.<\/p>\n<p style=\"text-align: center;\"><strong>De som hittills f\u00e5tt priset:<\/strong><\/p>\n<p style=\"text-align: center;\">Holger Karlsson, Moje Olofsson<br \/>Roy Nilsson, \u00c5ke Eneman<br \/>Birger Hultenius, Jan Hultenius<br \/>Erik Ekholm, Torbj\u00f6rn Nilsson<br \/>Stig Hermansson, Evert Stigson<br \/>Marianne Nilsson, Lars-Olof Nilsson<br \/>G\u00f6ran Bexell, Hans-G\u00f6ran Gustavsson<br \/>Gunnar Gustafsson, Curt Sandahl<br \/>Stefan Johansson, Berne Ekholm<br \/>Mats Ohlsson, Annika Steen<br \/>Royne Nilsson, Thomas Nilsson<br \/>Stig Nilsson, Mikael Hanebring<br \/>Carl-Erik Gustavsson, Allan Arvidsj\u00f6<br \/>Mikael Gustafsson, Ulf Carlsson<br \/>Mikael Gustavsson, Conny Hultenius<br \/>Kenneth Petersson, Per-Erik Karlsson<br \/>Erik Petersson, \u00c5sa Carlsson<br \/>Sofia Hermansson, Roger Nilsson<br \/>Tobias Jonsson, Lars-G\u00f6ran Nilsson<br \/>Lillemor Leijner, Berit Harrysson<br \/>Tobias Arnesson, Maths Carlsson<br \/>Anders Andersson, Oskar Karlsson<br \/>H\u00e5kan Andersson, Magnus Ahlstr\u00f6m<br \/>J\u00f6rgen Fohlin,\u00a0Charlotte Friman<br \/>Lise-Lotte B\u00f6kelund, Imam Nazari<br \/>Emrik Axelsson, Niklas Evaldsson<br \/>\u00c5sa Andersson, Bj\u00f6rn Fjellstr\u00f6m<br \/>Pelle Arnesson, Magnus Bexell<\/p>\n\n\n<p><\/p>\n","protected":false},"excerpt":{"rendered":"<p>Vi som \u00e4r medlemmar i klubben har alla f\u00e5tt Kristoffersons hederspris. Arthur Kristofferson var Kronj\u00e4gare i B\u00f6da Kronopark p\u00e5 60 och 70-talet.Han var en stor B\u00f6da IK v\u00e4n och instiftade ett pris, som skulle g\u00e5 till n\u00e5gon somgjort en stor g\u00e4rning i f\u00f6reningen, idrottsligt, kamratligt, genom styrelsearbeteeller annat ideellt arbete. Den f\u00f6rsta som fick priset [&hellip;]<\/p>\n","protected":false},"author":1,"featured_media":0,"parent":0,"menu_order":0,"comment_status":"closed","ping_status":"closed","template":"","meta":{"_monsterinsights_skip_tracking":false,"_monsterinsights_sitenote_active":false,"_monsterinsights_sitenote_note":"","_monsterinsights_sitenote_category":0,"footnotes":""},"class_list":["post-13","page","type-page","status-publish","hentry"],"aioseo_notices":[],"_links":{"self":[{"href":"https:\/\/www.bodaik.com\/sida\/wp-json\/wp\/v2\/pages\/13","targetHints":{"allow":["GET"]}}],"collection":[{"href":"https:\/\/www.bodaik.com\/sida\/wp-json\/wp\/v2\/pages"}],"about":[{"href":"https:\/\/www.bodaik.com\/sida\/wp-json\/wp\/v2\/types\/page"}],"author":[{"embeddable":true,"href":"https:\/\/www.bodaik.com\/sida\/wp-json\/wp\/v2\/users\/1"}],"replies":[{"embeddable":true,"href":"https:\/\/www.bodaik.com\/sida\/wp-json\/wp\/v2\/comments?post=13"}],"version-history":[{"count":36,"href":"https:\/\/www.bodaik.com\/sida\/wp-json\/wp\/v2\/pages\/13\/revisions"}],"predecessor-version":[{"id":1253,"href":"https:\/\/www.bodaik.com\/sida\/wp-json\/wp\/v2\/pages\/13\/revisions\/1253"}],"wp:attachment":[{"href":"https:\/\/www.bodaik.com\/sida\/wp-json\/wp\/v2\/media?parent=13"}],"curies":[{"name":"wp","href":"https:\/\/api.w.org\/{rel}","templated":true}]}}