{"id":31,"date":"2018-02-25T19:48:22","date_gmt":"2018-02-25T18:48:22","guid":{"rendered":"http:\/\/www.bodaik.com\/dev\/?page_id=31"},"modified":"2026-03-25T10:25:08","modified_gmt":"2026-03-25T09:25:08","slug":"kontakta-oss","status":"publish","type":"page","link":"https:\/\/www.bodaik.com\/sida\/kontakta-oss\/","title":{"rendered":"Kontakta oss"},"content":{"rendered":"<p style=\"text-align: center;\">Idrottsparken<br \/>Landsv\u00e4gen Norrb\u00f6da 33<br \/>387 73 L\u00f6ttorp<\/p>\n<p style=\"text-align: center;\">Mail: <a href=\"mailto:kansli@bodaik.com\">kansli@bodaik.com<\/a><\/p>\n<p style=\"text-align: center;\"><strong>Ordf\u00f6rande<\/strong>\u00a0Mats Ohlsson<br \/>070-5246200<br \/>\u00e4ven bokning av T\u00e4lt<\/p>\n<p style=\"text-align: center;\"><strong>Sekreterare\/Kass\u00f6r<\/strong>\u00a0Marianne Nilsson<br \/>073-4044200<br \/>\u00e4ven bokning av M\u00f6teslokalen<\/p>\n<p style=\"text-align: center;\"><strong>Styrelseledam\u00f6ter<\/strong>:<br \/>H\u00e5kan Andersson, Magnus Ahlstr\u00f6m, Allan Arvidsj\u00f6, Sofia Hermansson, Amanda Ohlsson<br \/><strong>Suppleanter<\/strong>:<br \/>Erik Hanebring, Magnus Bexell<\/p>\n<p style=\"text-align: center;\"><strong>Marknadskommitt\u00e9n<\/strong><br \/><strong>Mats Ohlsson<\/strong><br \/>070-5246200<br \/><strong>Amanda Ohlsson<\/strong><br \/>070-8361304<\/p>\n<p style=\"text-align: center;\"><strong>Sommar uthyrning (Boende)<br \/>Lisen Jansson<br \/><\/strong><a href=\"mailto:uthyrning@bodaik.com\">uthyrning@bodaik.com<\/a><\/p>\n\n\n<p><\/p>\n","protected":false},"excerpt":{"rendered":"<p>IdrottsparkenLandsv\u00e4gen Norrb\u00f6da 33387 73 L\u00f6ttorp Mail: kansli@bodaik.com Ordf\u00f6rande\u00a0Mats Ohlsson070-5246200\u00e4ven bokning av T\u00e4lt Sekreterare\/Kass\u00f6r\u00a0Marianne Nilsson073-4044200\u00e4ven bokning av M\u00f6teslokalen Styrelseledam\u00f6ter:H\u00e5kan Andersson, Magnus Ahlstr\u00f6m, Allan Arvidsj\u00f6, Sofia Hermansson, Amanda OhlssonSuppleanter:Erik Hanebring, Magnus Bexell Marknadskommitt\u00e9nMats Ohlsson070-5246200Amanda Ohlsson070-8361304 Sommar uthyrning (Boende)Lisen Janssonuthyrning@bodaik.com<\/p>\n","protected":false},"author":1,"featured_media":0,"parent":0,"menu_order":0,"comment_status":"closed","ping_status":"closed","template":"","meta":{"_monsterinsights_skip_tracking":false,"_monsterinsights_sitenote_active":false,"_monsterinsights_sitenote_note":"","_monsterinsights_sitenote_category":0,"footnotes":""},"class_list":["post-31","page","type-page","status-publish","hentry"],"aioseo_notices":[],"_links":{"self":[{"href":"https:\/\/www.bodaik.com\/sida\/wp-json\/wp\/v2\/pages\/31","targetHints":{"allow":["GET"]}}],"collection":[{"href":"https:\/\/www.bodaik.com\/sida\/wp-json\/wp\/v2\/pages"}],"about":[{"href":"https:\/\/www.bodaik.com\/sida\/wp-json\/wp\/v2\/types\/page"}],"author":[{"embeddable":true,"href":"https:\/\/www.bodaik.com\/sida\/wp-json\/wp\/v2\/users\/1"}],"replies":[{"embeddable":true,"href":"https:\/\/www.bodaik.com\/sida\/wp-json\/wp\/v2\/comments?post=31"}],"version-history":[{"count":19,"href":"https:\/\/www.bodaik.com\/sida\/wp-json\/wp\/v2\/pages\/31\/revisions"}],"predecessor-version":[{"id":1269,"href":"https:\/\/www.bodaik.com\/sida\/wp-json\/wp\/v2\/pages\/31\/revisions\/1269"}],"wp:attachment":[{"href":"https:\/\/www.bodaik.com\/sida\/wp-json\/wp\/v2\/media?parent=31"}],"curies":[{"name":"wp","href":"https:\/\/api.w.org\/{rel}","templated":true}]}}

<p style="text-align: center;">Idrottsparken<br />Landsvägen Norrböda 33<br />387 73 Löttorp</p>
<p style="text-align: center;">Mail: <a href="mailto:kansli@bodaik.com">kansli@bodaik.com</a></p>
<p style="text-align: center;"><strong>Ordförande</strong> Mats Ohlsson<br />070-5246200<br />även bokning av Tält</p>
<p style="text-align: center;"><strong>Sekreterare/Kassör</strong> Marianne Nilsson<br />073-4044200<br />även bokning av Möteslokalen</p>
<p style="text-align: center;"><strong>Styrelseledamöter</strong>:<br />Håkan Andersson, Magnus Ahlström, Allan Arvidsjö, Sofia Hermansson, Amanda Ohlsson<br /><strong>Suppleanter</strong>:<br />Erik Hanebring, Magnus Bexell</p>
<p style="text-align: center;"><strong>Marknadskommittén</strong><br /><strong>Mats Ohlsson</strong><br />070-5246200<br /><strong>Amanda Ohlsson</strong><br />070-8361304</p>
<p style="text-align: center;"><strong>Sommar uthyrning (Boende)<br />Lisen Jansson<br /></strong><a href="mailto:uthyrning@bodaik.com">uthyrning@bodaik.com</a></p>


<p></p>

<p>IdrottsparkenLandsvägen Norrböda 33387 73 Löttorp Mail: kansli@bodaik.com Ordförande Mats Ohlsson070-5246200även bokning av Tält Sekreterare/Kassör Marianne Nilsson073-4044200även bokning av Möteslokalen Styrelseledamöter:Håkan Andersson, Magnus Ahlström, Allan Arvidsjö, Sofia Hermansson, Amanda OhlssonSuppleanter:Erik Hanebring, Magnus Bexell MarknadskommitténMats Ohlsson070-5246200Amanda Ohlsson070-8361304 Sommar uthyrning (Boende)Lisen Janssonuthyrning@bodaik.com</p>
